5, 22096513
What are the prime factors of 6262843067?
13, 37058243
List the prime factors of 142402549.
19, 7494871
What are the prime factors of 674874439?
674874439
What are the prime factors of 162299970?
2, 3, 5, 7, 79, 1087
What are the prime factors of 250086871?
6521, 38351
What are the prime factors of 5627478145?
5, 2687, 418867
List the prime factors of 43593064.
2, 47, 269, 431
What are the prime factors of 5920112407?
11, 538192037
What are the prime factors of 534447288?
2, 3, 1567, 1579
List the prime factors of 132785384.
2, 397, 41809
List the prime factors of 887603279.
887603279
What are the prime factors of 15752858?
2, 11, 29, 24691
List the prime factors of 1790843230.
2, 5, 11, 16280393
What are the prime factors of 253212122?
2, 43, 181, 16267
What are the prime factors of 3205848451?
13, 246603727
What are the prime factors of 476770710?
2, 3, 5, 13, 971, 1259
What are the prime factors of 2056808777?
2056808777
What are the prime factors of 81333814?
2, 17, 197, 12143
List the prime factors of 212900813.
71, 79, 37957
What are the prime factors of 1714362785?
5, 2939, 116663
List the prime factors of 182000408.
2, 67, 83, 4091
What are the prime factors of 14928166?
2, 11, 678553
What are the prime factors of 295672762?
2, 7, 11, 157, 1747
What are the prime factors of 267256979?
11, 149, 163061
What are the prime factors of 1068773409?
3, 11, 10795691
List the prime factors of 379215568.
2, 2207, 10739
List the prime factors of 4677342467.
7, 107, 379, 16477
List the prime factors of 88433627.
53, 79, 21121
What are the prime factors of 347174494?
2, 4007, 43321
What are the prime factors of 2102386268?
2, 1123, 468029
What are the prime factors of 1871132180?
2, 5, 37, 2528557
What are the prime factors of 147306264?
2, 3, 7, 876823
What are the prime factors of 99579734?
2, 41, 229, 5303
What are the prime factors of 150667451?
11, 13697041
List the prime factors of 20191843.
7, 1307, 2207
What are the prime factors of 3900640859?
83, 46995673
What are the prime factors of 6279676?
2, 13, 120763
List the prime factors of 1936040082.
2, 3, 61, 5289727
What are the prime factors of 77565106?
2, 19, 1223, 1669
List the prime factors of 313112072.
2, 7, 13, 29, 14831
List the prime factors of 329433123.
3, 17, 61, 6229
What are the prime factors of 1310414861?
7, 379, 493937
What are the prime factors of 2333923969?
13, 13810201
What are the prime factors of 77631179?
77631179
List the prime factors of 20505599.
20505599
List the prime factors of 50578899.
3, 7, 353, 6823
List the prime factors of 4815009687.
3, 937, 1712917
List the prime factors of 86388392.
2, 83, 281, 463
List the prime factors of 21909675.
3, 5, 61, 4789
What are the prime factors of 76943830?
2, 5, 7694383
What are the prime factors of 152325838?
2, 7, 10880417
What are the prime factors of 459488957?
7351, 62507
List the prime factors of 793805005.
5, 7, 22680143
List the prime factors of 29468485.
5, 5893697
List the prime factors of 87406190.
2, 5, 67, 130457
List the prime factors of 7270710911.
7270710911
What are the prime factors of 373170021?
3, 7, 17770001
List the prime factors of 12816435.
3, 5, 857, 997
List the prime factors of 635304406.
2, 11, 19, 167, 479
What are the prime factors of 1886732?
2, 471683
What are the prime factors of 245063218?
2, 1097, 111697
What are the prime factors of 114321493?
11, 13, 479, 1669
What are the prime factors of 45478747?
643, 70729
List the prime factors of 27656233.
11, 2514203
What are the prime factors of 38334351?
3, 11, 1161647
What are the prime factors of 522891255?
3, 5, 34859417
List the prime factors of 1672628655.
3, 5, 23, 4848199
List the prime factors of 200389228.
2, 13, 67, 113, 509
What are the prime factors of 904988535?
3, 5, 11, 43, 229, 557
List the prime factors of 40399345.
5, 7, 1154267
List the prime factors of 187551165.
3, 5, 43, 313, 929
List the prime factors of 106211746.
2, 23, 29, 103, 773
List the prime factors of 242437547.
11, 22039777
List the prime factors of 30811837.
7, 17, 47, 787
What are the prime factors of 2694244552?
2, 727, 463247
What are the prime factors of 872594197?
872594197
List the prime factors of 46772860.
2, 5, 2338643
List the prime factors of 104193077.
31, 131, 25657
List the prime factors of 4327117033.
37, 191, 281, 2179
What are the prime factors of 1124378082?
2, 3, 29, 2153981
What are the prime factors of 50900880?
2, 3, 5, 89, 2383
What are the prime factors of 814478281?
814478281
List the prime factors of 390987658.
2, 17, 37, 310801
List the prime factors of 275721203.
43, 6412121
What are the prime factors of 1106745503?
1106745503
List the prime factors of 452627603.
23, 653, 30137
List the prime factors of 2567877187.
521, 4928747
What are the prime factors of 98266203?
3, 7, 173309
What are the prime factors of 912868446?
2, 3, 7, 21734963
What are the prime factors of 57339790?
2, 5, 457, 12547
List the prime factors of 6677010.
2, 3, 5, 74189
List the prime factors of 8361256.
2, 1045157
List the prime factors of 906273167.
1627, 557021
What are the prime factors of 1139305998?
2, 3, 37, 5132009
List the prime factors of 6713841306.
2, 3, 31, 1847, 19543
What are the prime factors of 3308145292?
2, 23, 1063, 33827
What are the prime factors of 4156713698?
2, 2078356849
List the prime factors of 2470343074.
2, 1235171537
List the prime factors of 60911407.
113, 539039
List the prime factors of 65803743.
3, 1733, 4219
List the prime factors of 1282876996.
2, 320719249
List the prime factors of 1398188289.
3, 47, 9916229
What are the prime factors of 2471316856?
2, 613, 503939
List the prime factors of 6555418458.
2, 3, 1092569743
What are the prime factors of 196779014?
2, 9391, 10477
What are the prime factors of 305296907?
53, 659, 8741
List the prime factors of 597474153.
3, 29, 193, 409
What are the prime factors of 58648508?
2, 89, 164743
What are the prime factors of 1689209020?
2, 5, 41, 281, 7331
What are the prime factors of 685743188?
2, 13, 31, 43, 761
List the prime factors of 140122167.
3, 5581, 8369
List the prime factors of 32281487.
7, 17, 271273
What are the prime factors of 4249051995?
3, 5, 17, 16662949
What are the prime factors of 69149993?
11, 1609, 3907
What are the prime factors of 731841464?
2, 79, 1157977
List the prime factors of 836372931.
3, 1193, 233689
What are the prime factors of 9548382?
2, 3, 1591397
What are the prime factors of 82957082?
2, 13, 229, 13933
What are the prime factors of 37630424?
2, 13, 53, 6827
List the prime factors of 148687307.
107, 691, 2011
What are the prime factors of 39419967?
3, 13139989
What are the prime factors of 153778868?
2, 5471, 7027
List the prime factors of 335978892.
2, 3, 9332747
List the prime factors of 285335718.
2, 3, 17, 31, 90239
What are the prime factors of 101404320?
2, 3, 5, 17, 43
List the prime factors of 34264889.
31, 41, 26959
What are the prime factors of 489225449?
489225449
List the prime factors of 354837.
3, 7, 61, 277
What are the prime factors of 2007458908?
2, 7, 13, 19, 15277
List the prime factors of 6549186669.
3, 2183062223
List the prime factors of 43723880.
2, 5, 29, 37693
What are the prime factors of 63295029?
3, 7, 17, 113, 523
What are the prime factors of 708979967?
107, 113, 191, 307
List the prime factors of 353832773.
7, 7221077
What are the prime factors of 1118842471?
17, 397, 165779
List the prime factors of 73972280.
2, 5, 199, 9293
What are the prime factors of 13998180?
2, 3, 5, 7, 33329
What are the prime factors of 1616638499?
7, 31, 127, 58661
What are the prime factors of 6067826118?
2, 3, 157, 491, 4373
List the prime factors of 4530219546.
2, 3, 73, 10342967
List the prime factors of 42031748.
2, 11, 955267
What are the prime factors of 1592552838?
2, 3, 265425473
List the prime factors of 37018676.
2, 619, 14951
What are the prime factors of 75819960?
2, 3, 5, 23, 9157
List the prime factors of 268598472.
2, 3, 11191603
List the prime factors of 123360079.
3083, 40013
List the prime factors of 55603066.
2, 27801533
List the prime factors of 4818796595.
5, 963759319
What are the prime factors of 92790561?
3, 37, 835951
What are the prime factors of 846078155?
5, 13, 13016587
List the prime factors o